pose 4*z = -z + g. What are the prime factors of z?
11
Suppose 0 - 25 = -5*v. What are the prime factors of v?
5
Let f = -21 - -32. Let b = 30 + f. What are the prime factors of b?
41
Suppose t - 528 + 26 = -5*l, -4*l + 2*t = -410. List the prime factors of l.
101
Suppose 0 = -a - 4*l + 8, -a - a + 3*l = 6. Let p be (-22)/(-2) + -1 + a. Let m(q) = -q + 19. List the prime factors of m(p).
3
Let i = 185 - 131. What are the prime factors of i?
2, 3
Suppose 0 = 2*a + 94 - 30. Let i = -3 - a. Suppose -5*j + 77 = -3*u, -j + i = -0*j - 4*u. What are the prime factors of j?
13
Suppose b - 11 = 13. Let h = -3 + b. Suppose -h = -v - 10. What are the prime factors of v?
11
Let i(n) be the second derivative of -n**3/2 + 2*n**2 + n. Let r be i(6). Let f = r + 27. What are the prime factors of f?
13
What are the prime factors of (12/10)/((-6)/(-150))?
2, 3, 5
Let i = -31 + 107. List the prime factors of i.
2, 19
Let z be 6/(5/(20/(-3))). Let r = -2 - z. What are the prime factors of 1/2*4*r?
2, 3
List the prime factors of (5 - 4)/((-3)/(-27)).
3
Suppose -10*a + 3*a = -1351. List the prime factors of a.
193
Let m(q) = -2*q**3 + 19*q**2 + 4*q - 25. What are the prime factors of m(9)?
2, 23
Suppose 8 - 25 = -3*k - 2*a, 5*a = -3*k + 29. List the prime factors of k/(-4) - 87/(-4).
3, 7
Let m(x) be the second derivative of -x**5/20 + 4*x**4/3 - 7*x**3/3 + 8*x**2 - 5*x. List the prime factors of m(15).
31
Let i be (0 - 2/2)*-4. Suppose 9*w = 13*w - 20. Suppose -4*x = w*r - 31, -i*r - 34 = x - 2*x. What are the prime factors of x?
2, 7
Let j = 0 - 4. Suppose -2*z - 5*p + 60 = 3*z, z - 4*p = -8. Let f = z + j. What are the prime factors of f?
2
Let o(b) = b**2 + b + 2. Let s(v) = v**2 + 3*v + 2. Let p be s(-3). What are the prime factors of o(p)?
2
Suppose -4*h - 7 = -3*s - 6*h, -2*h + 13 = 5*s. Let v be ((-4)/3 + 2)*s. Suppose 1 = -2*u - v*o + 15, -7 = -u + 5*o. List the prime factors of u.
7
Suppose -3*c = y + 28, -5*c - 24 = -y - 3*y. Let m = c + 11. Suppose m*a + 1 = 19. What are the prime factors of a?
2, 3
Suppose 13*j = 8*j + 70. What are the prime factors of 2/j - 181/(-7)?
2, 13
Let l = 464 + -302. What are the prime factors of l?
2, 3
Suppose 20 = 4*y, -2*r - 3*r + 2*y + 85 = 0. What are the prime factors of r?
19
Let y(t) = t**2 - 8*t + 9. Let n be y(6). Let v = 0 - n. Suppose 4*k - 37 - v = 0. List the prime factors of k.
2, 5
Suppose 3 = 3*a, 3*s + 4*a - 702 = a. List the prime factors of s.
233
Let p be -1*(1 + 18/(-3)). Suppose 4*t - 8*t + 4*r + 52 = 0, -74 = -p*t + 2*r. Suppose -t = -3*c + 2. What are the prime factors of c?
2, 3
Let w be -1 + (-2 - (1 - 5)). Let j(k) = k**3 - 5*k**2 + 5*k + 1. Let v be j(4). Suppose -2*q = -v*r - 0 - w, 2*r - 6 = 0. List the prime factors of q.
2
Let p(d) = -1. Let o(j) = 3*j**2 - j**2 - 5*j - j**2 + 0*j**2 - 3. Let k(x) = o(x) - 5*p(x). What are the prime factors of k(6)?
2
Let a(p) = -12*p - 5. Suppose 9*n = 5*f + 4*n + 30, 0 = -3*n + 6. What are the prime factors of a(f)?
43
Let u be (-2 - -1 - -3) + 0. Suppose 4*k = u*o - 40, 19 + 41 = 3*o - 3*k. List the prime factors of o.
2, 5
Let g(p) = -2*p**3 - p - 1. Let v be g(-1). Let l(z) = 30*z - 3. List the prime factors of l(v).
3, 19
Suppose -5*r = -3*j + 98, 4*j - r - 112 = r. Suppose j = 2*h - 14. Suppose -3*d - 2 = -h. What are the prime factors of d?
2, 3
Let w(a) = a**3 - 6*a**2 - 6*a - 8. Let p = 3 - -4. Let i be w(p). Let f(k) = -6*k**3 + k**2 + k. What are the prime factors of f(i)?
2, 3
Let i = 6 + -1. Suppose -2*p = 2*s - 20, 4*s = 2*p - i*p + 39. What are the prime factors of s?
3
Let b(i) = -i**2 - 62. Let w be b(0). Let f = -32 - w. What are the prime factors of f?
2, 3, 5
Suppose -45 - 10 = -5*g. List the prime factors of g.
11
Let q be 3/15 + 9/5. Suppose -i = -3*z + 21, -1 = -q*z + 5*i - 0. List the prime factors of z.
2
Suppose 27 = -w - 8. Let q = w - -54. List the prime factors of q.
19
What are the prime factors of ((-475)/76)/(2/(-8))?
5
Suppose 0*h + 265 = 5*h. Suppose h = 5*v - 12. Suppose 3*d = 4*d - v. List the prime factors of d.
13
Let s be (4/(-10))/((-1)/5). Suppose -s*j + j + 7 = 0. List the prime factors of j.
7
Let u be (15/6)/((-1)/(-2)). Suppose -u*b + 3 + 2 = 4*m, -5*b - 40 = -5*m. Suppose -m*w = -3 - 32. List the prime factors of w.
7
Let u = -48 + -49. Let d = -67 - u. List the prime factors of d.
2, 3, 5
Let b = -4 + 14. List the prime factors of 1/5 - (-108)/b.
11
Let t(v) = -4*v + 12. List the prime factors of t(-7).
2, 5
Let q(c) = 3*c**3 + 8*c**2 - 4*c + 5. Let m(p) = -p**3 - 4*p**2 + 2*p - 3. Let f(b) = 5*m(b) + 2*q(b). Let z be f(4). What are the prime factors of 11/z - 4/6?
3
Let w = -2 - -5. Let i(q) = 2*q**3 - 3*q**2 + q - 1. Let v be i(w). Suppose -v = -h - 4*h + z, -z - 4 = 0. List the prime factors of h.
5
Suppose 2 - 5 = -3*t - 3*m, -3*m - 15 = -3*t. Let g = 0 + t. What are the prime factors of g?
3
Let w(f) = -f**2 + 7*f + 4. Let n be w(5). Let d be (n - 2)*1*3. Suppose -6*j = -2*j - d. What are the prime factors of j?
3
Suppose -38 = -4*m + 3*x, -2*x + 18 = 2*m - 4*x. What are the prime factors of m?
11
Let n be 36/(-14)*(-112)/24. Let m = 25 + n. List the prime factors of m.
37
Suppose -y + 10 = -67. List the prime factors of y.
7, 11
Suppose -4*r = -v + 100, -4*r + 3*v = -2*r + 50. Let g = r - -30. What are the prime factors of g?
5
Suppose 2*q = 5*q. Suppose 3*u + q*u - 27 = 0. List the prime factors of u.
3
Let u be ((-3)/(-6))/(1/4). Suppose 0 = -u*r + 1 - 45. Let m = 33 + r. List the prime factors of m.
11
Let l = -163 + 237. List the prime factors of l.
2, 37
Suppose -4*p + 50 = r, r + 3*r - p - 149 = 0. What are the prime factors of r?
2, 19
Let k = -1 - -7. Suppose -k*b = -5*b - 10. List the prime factors of b.
2, 5
Suppose -7*i + 3*i + 196 = 5*s, -4*s - 4*i + 160 = 0. List the prime factors of s.
2, 3
Let w(o) = 25*o - 40. What are the prime factors of w(9)?
5, 37
Suppose 3*t - l - 33 = -5*l, 5*t - 3*l - 26 = 0. Let u = t - 5. List the prime factors of u.
2
Let b = 4 - 19. Suppose 5*g - 27 = 4*g. Let l = g + b. List the prime factors of l.
2, 3
Let d(x) = 36*x + 6. Let w(j) = 35*j + 5. Let l(h) = 3*d(h) - 4*w(h). Let m be l(2). List the prime factors of m/(-8) - (-2)/(-8).
2
Let z be 3 + (1 - -1 - 3). Suppose -4*r - 31 = -0*d - d, z*d = -3*r + 7. List the prime factors of d.
11
Let j(m) = -4*m. Suppose -y + 8 = y - 4*k, -3*y + 3*k = -9. Suppose 0 = -y*a - 3*q - 11, 0 = -0*a + a - 3*q - 8. What are the prime factors of j(a)?
2
Suppose 0 = 3*n - 2*n - 2. Let w be -2 + (3 + -2 - -4). Suppose 3*t - 3 = -w*l, -4*l + 12 = -0*t + n*t. List the prime factors of l.
5
Suppose f + 1 - 20 = 0. List the prime factors of f.
19
Let z(p) = p**2 - 13*p + 17. Let y be z(12). What are the prime factors of 4/10 + 118/y?
2, 3
Suppose -m = 4*s, -3*m = -4*s - 4 - 28. Let a = 24 + m. What are the prime factors of a?
2
Let o(g) = -3*g**2 + 3*g + 3. Let u be o(3). Let h = 11 + -2. List the prime factors of h/u + (-18)/(-5).
3
Suppose -113*q = -108*q - 1850. What are the prime factors of q?
2, 5, 37
Suppose 3*a + 8 = 4*v - 7, 17 = 5*v - 2*a. What are the prime factors of v?
3
Let h be 6/(-18) - (-4)/3. Let j = h + 19. What are the prime factors of j?
2, 5
Let z(t) = -t**2 - 11*t + 1. Let w be z(-11). Let q be w/(1 - (-2)/(-3)). Suppose -q*u = 2*u - 20. What are the prime factors of u?
2
Let g(u) = -u + 33. List the prime factors of g(10).
23
Let n(l) = -l - 4. Suppose 4*k + 10 = 3*j + 33, 0 = -j + 2*k - 7. Let x be n(j). Suppose -x*w + 12 = -33. What are the prime factors of w?
3
Let t(a) = a**3 + 6*a**2 - 8*a - 1. Let m be t(-7). Suppose 5*u - 65 = -5*j, 2*u = -5*j + 20 + m. Let l = u + -7. What are the prime factors of l?
2, 3
Let d = 26 + 14. Let r be 2 + 1/((-3)/(-129)). Suppose 4*j - j = 3*n - r, -j + d = 4*n. What are the prime factors of n?
11
Suppose -8*z = 2*z - 1030. What are the prime factors of z?
103
Let i = 43 - 27. Suppose -i - 2 = -3*f. Suppose -3*n + 5*x = -28, -n + 5*x + f = -0*x. What are the prime factors of n?
11
Let w(l) = -2*l - 1. Suppose -t + 7 - 1 = -k, -2*t + 5*k + 15 = 0. Suppose t*m + 2 = -8. List the prime factors of w(m).
3
Let c(b) = -b**3 + 9*b**2 - 2*b + 19. What are the prime factors of c(7)?
103
Let s = -18 - 2. Let t = -21 + 11. Let z = t - s. What are the prime factors of z?
2, 5
Suppose